{"id":275,"date":"2025-10-25T15:39:34","date_gmt":"2025-10-25T13:39:34","guid":{"rendered":"https:\/\/septet-traductologie.fr\/?page_id=275"},"modified":"2025-10-25T15:50:29","modified_gmt":"2025-10-25T13:50:29","slug":"edition-2019","status":"publish","type":"page","link":"https:\/\/septet-traductologie.fr\/index.php\/edition-2019\/","title":{"rendered":"\u00c9dition 2019"},"content":{"rendered":"\n<div class=\"wp-block-columns is-layout-flex wp-container-core-columns-is-layout-28f84493 wp-block-columns-is-layout-flex\">\n<div class=\"wp-block-column is-layout-flow wp-block-column-is-layout-flow\">\n<p><strong>5<sup>\u00e8me<\/sup> universit\u00e9 d\u2019\u00e9t\u00e9<\/strong>&nbsp;: La Nucia, Espagne<\/p>\n\n\n\n<p>22-26 juillet 2019<\/p>\n<\/div>\n\n\n\n<div class=\"wp-block-column is-layout-flow wp-block-column-is-layout-flow\"><figure class=\"wp-block-post-featured-image\"><img loading=\"lazy\" decoding=\"async\" width=\"584\" height=\"329\" src=\"https:\/\/septet-traductologie.fr\/wp-content\/uploads\/2025\/10\/2019_La-Nucia.jpg\" class=\"attachment-post-thumbnail size-post-thumbnail wp-post-image\" alt=\"\" style=\"object-fit:cover;\" srcset=\"https:\/\/septet-traductologie.fr\/wp-content\/uploads\/2025\/10\/2019_La-Nucia.jpg 584w, https:\/\/septet-traductologie.fr\/wp-content\/uploads\/2025\/10\/2019_La-Nucia-300x169.jpg 300w\" sizes=\"auto, (max-width: 584px) 100vw, 584px\" \/><\/figure><\/div>\n<\/div>\n\n\n\n<p>Partenaires&nbsp;:<\/p>\n\n\n\n<ul class=\"wp-block-list\">\n<li>L\u2019universit\u00e9 d\u2019Alicante<\/li>\n<\/ul>\n\n\n\n<ul class=\"wp-block-list\">\n<li>La Soci\u00e9t\u00e9 d\u2019\u00c9tudes des Pratiques et Th\u00e9ories en Traduction<br>(SEPTET), SAES<\/li>\n\n\n\n<li>La Soci\u00e9t\u00e9 fran\u00e7aise de traductologie (SoFT)<\/li>\n\n\n\n<li>La Soci\u00e9t\u00e9 italienne de traductologie (SIT)<\/li>\n\n\n\n<li>Le laboratoire ERLIS de l\u2019universit\u00e9 de Caen.<\/li>\n<\/ul>\n","protected":false},"excerpt":{"rendered":"<p>5\u00e8me universit\u00e9 d\u2019\u00e9t\u00e9&nbsp;: La Nucia, Espagne 22-26 juillet 2019 Partenaires&nbsp;:<\/p>\n","protected":false},"author":2,"featured_media":276,"parent":0,"menu_order":0,"comment_status":"closed","ping_status":"closed","template":"","meta":{"footnotes":""},"class_list":["post-275","page","type-page","status-publish","has-post-thumbnail","hentry"],"_links":{"self":[{"href":"https:\/\/septet-traductologie.fr\/index.php\/wp-json\/wp\/v2\/pages\/275","targetHints":{"allow":["GET"]}}],"collection":[{"href":"https:\/\/septet-traductologie.fr\/index.php\/wp-json\/wp\/v2\/pages"}],"about":[{"href":"https:\/\/septet-traductologie.fr\/index.php\/wp-json\/wp\/v2\/types\/page"}],"author":[{"embeddable":true,"href":"https:\/\/septet-traductologie.fr\/index.php\/wp-json\/wp\/v2\/users\/2"}],"replies":[{"embeddable":true,"href":"https:\/\/septet-traductologie.fr\/index.php\/wp-json\/wp\/v2\/comments?post=275"}],"version-history":[{"count":3,"href":"https:\/\/septet-traductologie.fr\/index.php\/wp-json\/wp\/v2\/pages\/275\/revisions"}],"predecessor-version":[{"id":286,"href":"https:\/\/septet-traductologie.fr\/index.php\/wp-json\/wp\/v2\/pages\/275\/revisions\/286"}],"wp:featuredmedia":[{"embeddable":true,"href":"https:\/\/septet-traductologie.fr\/index.php\/wp-json\/wp\/v2\/media\/276"}],"wp:attachment":[{"href":"https:\/\/septet-traductologie.fr\/index.php\/wp-json\/wp\/v2\/media?parent=275"}],"curies":[{"name":"wp","href":"https:\/\/api.w.org\/{rel}","templated":true}]}}

Édition 2019

<div class="wp-block-columns is-layout-flex wp-container-core-columns-is-layout-28f84493 wp-block-columns-is-layout-flex">
<div class="wp-block-column is-layout-flow wp-block-column-is-layout-flow">
<p><strong>5<sup>ème</sup> université d’été</strong>&nbsp;: La Nucia, Espagne</p>



<p>22-26 juillet 2019</p>
</div>



<div class="wp-block-column is-layout-flow wp-block-column-is-layout-flow"><figure class="wp-block-post-featured-image"><img loading="lazy" decoding="async" width="584" height="329" src="https://septet-traductologie.fr/wp-content/uploads/2025/10/2019_La-Nucia.jpg" class="attachment-post-thumbnail size-post-thumbnail wp-post-image" alt="" style="object-fit:cover;" srcset="https://septet-traductologie.fr/wp-content/uploads/2025/10/2019_La-Nucia.jpg 584w, https://septet-traductologie.fr/wp-content/uploads/2025/10/2019_La-Nucia-300x169.jpg 300w" sizes="auto, (max-width: 584px) 100vw, 584px" /></figure></div>
</div>



<p>Partenaires&nbsp;:</p>



<ul class="wp-block-list">
<li>L’université d’Alicante</li>
</ul>



<ul class="wp-block-list">
<li>La Société d’Études des Pratiques et Théories en Traduction<br>(SEPTET), SAES</li>



<li>La Société française de traductologie (SoFT)</li>



<li>La Société italienne de traductologie (SIT)</li>



<li>Le laboratoire ERLIS de l’université de Caen.</li>
</ul>

<p>5ème université d’été&nbsp;: La Nucia, Espagne 22-26 juillet 2019 Partenaires&nbsp;:</p>
